 of 6114?
6
What is the hundreds digit of 6969?
9
What is the hundreds digit of 937?
9
What is the hundreds digit of 102?
1
What is the thousands digit of 5467?
5
What is the units digit of 371?
1
What is the hundreds digit of 9720?
7
What is the units digit of 304?
4
What is the hundreds digit of 31912?
9
What is the ten thousands digit of 79798?
7
What is the tens digit of 33713?
1
What is the thousands digit of 61923?
1
What is the hundreds digit of 146?
1
What is the tens digit of 23986?
8
What is the units digit of 626?
6
What is the ten thousands digit of 17723?
1
What is the thousands digit of 109815?
9
What is the units digit of 2748?
8
What is the units digit of 1973?
3
What is the units digit of 230?
0
What is the hundreds digit of 131?
1
What is the units digit of 1564?
4
What is the units digit of 3223?
3
What is the thousands digit of 1298?
1
What is the ten thousands digit of 149183?
4
What is the thousands digit of 81618?
1
What is the thousands digit of 3105?
3
What is the thousands digit of 27674?
7
What is the tens digit of 234?
3
What is the units digit of 914?
4
What is the hundreds digit of 391?
3
What is the hundreds digit of 1271?
2
What is the units digit of 629?
9
What is the thousands digit of 16672?
6
What is the hundreds digit of 22602?
6
What is the thousands digit of 32881?
2
What is the hundreds digit of 1470?
4
What is the tens digit of 791?
9
What is the units digit of 60963?
3
What is the units digit of 35468?
8
What is the tens digit of 385?
8
What is the thousands digit of 1133?
1
What is the hundreds digit of 1239?
2
What is the units digit of 46363?
3
What is the hundreds digit of 1163?
1
What is the hundreds digit of 4845?
8
What is the units digit of 974?
4
What is the tens digit of 105369?
6
What is the units digit of 2967?
7
What is the units digit of 133?
3
What is the units digit of 1138?
8
What is the tens digit of 28971?
7
What is the units digit of 1999?
9
What is the hundreds digit of 3766?
7
What is the hundreds digit of 9906?
9
What is the units digit of 10933?
3
What is the tens digit of 280?
8
What is the tens digit of 1964?
6
What is the units digit of 1697?
7
What is the tens digit of 567?
6
What is the hundreds digit of 9201?
2
What is the tens digit of 10529?
2
What is the tens digit of 15019?
1
What is the thousands digit of 19698?
9
What is the tens digit of 2238?
3
What is the ten thousands digit of 44689?
4
What is the hundreds digit of 15252?
2
What is the units digit of 1901?
1
What is the tens digit of 5235?
3
What is the ten thousands digit of 58268?
5
What is the units digit of 25144?
4
What is the thousands digit of 1645?
1
What is the hundreds digit of 689?
6
What is the units digit of 23008?
8
What is the tens digit of 37558?
5
What is the units digit of 3562?
2
What is the ten thousands digit of 23113?
2
What is the units digit of 1602?
2
What is the thousands digit of 10186?
0
What is the hundreds digit of 200?
2
What is the tens digit of 622?
2
What is the hundreds digit of 863?
8
What is the tens digit of 61591?
9
What is the tens digit of 2938?
3
What is the tens digit of 1260?
6
What is the thousands digit of 4052?
4
What is the tens digit of 6312?
1
What is the ten thousands digit of 22953?
2
What is the thousands digit of 6717?
6
What is the tens digit of 223?
2
What is the tens digit of 1029?
2
What is the thousands digit of 79798?
9
What is the tens digit of 1869?
6
What is the hundreds digit of 4150?
1
What is the tens digit of 5022?
2
What is the units digit of 22268?
8
What is the hundreds digit of 7584?
5
What is the thousands digit of 11958?
1
What is the hundreds digit of 33810?
8
What is the tens digit of 2772?
7
What is the units digit of 25805?
5
What is the units digit of 12132?
2
What is the units digit of 5380?
0
What is the units digit of 149?
9
What is the tens digit of 10334?
3
What is the thousands digit of 3210?
3
What is the tens digit of 7747?
4
What is the tens digit of 15593?
9
What is the tens digit of 81907?
0
What is the tens digit of 868?
6
What is the units digit of 14598?
8
What is the tens digit of 44585?
8
What is the tens digit of 44516?
1
What is the hundred thousands digit of 120047?
1
What is the thousands digit of 1232?
1
What is the tens digit of 883?
8
What is the thousands digit of 2580?
2
What is the thousands digit of 7447?
7
What is the ten thousands digit of 54969?
5
What is the thousands digit of 10363?
0
What is the ten thousands digit of 91516?
9
What is the thousands digit of 8756?
8
What is the thousands digit of 9923?
9
What is the units digit of 119?
9
What is the thousands digit of 1374?
1
What is the thousands digit of 146564?
6
What is the ten thousands digit of 12589?
1
What is the units digit of 1275?
5
What is the thousands digit of 36241?
6
What is the tens digit of 1826?
2
What is the thousands digit of 1092?
1
What is the hundreds digit of 36120?
1
What is the ten thousands digit of 130348?
3
What is the units digit of 903?
3
What is the units digit of 41425?
5
What is the ten thousands digit of 23906?
2
What is the hundreds digit of 1034?
0
What is the units digit of 759?
9
What is the ten thousands digit of 21186?
2
What is the hundreds digit of 11219?
2
What is the hundreds digit of 716?
7
What is the hundreds digit of 22189?
1
What is the tens digit of 122010?
1
What is the ten thousands digit of 115674?
1
What is the ten thousands digit of 10236?
1
What is the thousands digit of 2163?
2
What is the units digit of 3303?
3
What is the hundreds digit of 637?
6
What is the thousands digit of 1560?
1
What is the hundreds digit of 17948?
9
What is the units digit of 1372?
2
What is the hundreds digit of 537?
5
What is the tens digit of 1044?
4
What is the thousands digit of 41666?
1
What is the ten thousands digit of 27958?
2
What is the units digit of 17314?
4
What is the hundreds digit of 17738?
7
What is the tens digit of 93693?
9
What is the units digit of 10351?
1
What is the thousands digit of 10665?
0
What is the units digit of 2289?
9
What is the units digit of 12092?
2
What is the units digit of 20422?
2
What is the tens digit of 1526?
2
What is the thousands digit of 27386?
7
What is the hundreds digit of 5118?
1
What is the hundreds digit of 6963?
9
What is the hundreds digit of 707?
7
What is the units digit of 8436?
6
What is the hundreds digit of 120483?
4
What is the thousands digit of 16609?
6
What is the tens digit of 9451?
5
What is the tens digit of 52477?
7
What is the thousands digit of 1520?
1
What is the tens digit of 18598?
9
What is the thousands digit of 3510?
3
What is the hundreds digit of 15590?
5
What is the tens digit of 1927?
2
What is the thousands digit of 1644?
1
What is the tens digit of 5649?
4
What is the tens digit of 978?
7
What is the units digit of 4169?
9
What is the units digit of 3521?
1
What is the tens digit of 2566?
6
What is the tens digit of 61904?
0
What is the hundreds digit of 174?
1
What is the tens digit of 245?
4
What is the hundreds digit of 670?
6
What is the thousands digit of 68080?
8
What is the ten thousands digit of 47199?
4
What is the thousands digit of 37645?
7
What is the tens digit of 618?
1
What is the thousands digit of 2264?
2
What is the hundreds digit of 34325?
3
What is the units digit of 956?
6
What is the units digit of 6339?
9
What is the units digit of 5054?
4
What is the hundreds digit of 2385?
3
What is the tens digit of 103398?
9
What is the thousands digit of 2948?
2
What is the ten thousands digit of 17178?
1
What is the units digit of 697?
7
What is the units digit of 4725?
5
What is the tens digit of 129?
2
What is the ten thousands digit of 33433?
3
What is the thousands digit of 14248?
4
What is the units digit of 108?
8
What is the units digit of 2809?
9
What is the tens digit of 1580?
8
What is the hundreds digit of 3046?
0
What is the hundreds digit of 20894?
8
What is the units digit of 125240?
0
What is the thousands digit of 8233?
8
What is the tens digit of 13246?
4
What is the units digit of 3866?
6
What is the hundreds digit of 277?
2
What is the units digit of 13155?
5
What is the hundreds digit of 308?
3
What is the hundreds digit of 98868?
8
What is the tens digit of 6044?
4
What is the thousands digit of 2524